ime number?
False
Let y(b) = b**2 + 2*b + 1. Let n be y(-4). Let u(i) = -i**3 + 17*i**2 + 10*i + 4. Let z be u(n). Suppose 0 = 9*h - 5 - z. Is h composite?
False
Suppose 962*j - 86646106 = 916*j. Is j a prime number?
True
Suppose -6 = -f + 2*z, -5*f + 5*z + 75 - 20 = 0. Let j(k) = 0*k**2 + 5*k - 13 + 14*k + 2*k**2. Is j(f) prime?
False
Let q = 856005 - 557108. Is q composite?
False
Let j(k) = -10*k**3 - 7*k**2 + 6*k + 51. Let n be j(-5). Let z = n - 603. Is z prime?
False
Let q(x) = x**3 - 3*x**2 - x + 8. Let o be q(3). Suppose 0 = -o*s + k + 5439, s - 862 = -k + 221. Is s a prime number?
True
Let l = 527 - 524. Suppose -a = l, -j - 6*a + 3*a + 6526 = 0. Is j a composite number?
True
Suppose -558183 = -184*j + 38161. Is j composite?
True
Let x be 4/(-16) + (-90)/24. Let n(f) = 160*f**2 + 17*f - 5. Is n(x) composite?
True
Suppose -14*u - 19 = 149. Is 4/(u/(-15)) - (7 - 2223) prime?
True
Let o(g) = 1521*g**2 + 17*g + 39. Let n be o(-2). Let w = n + -4128. Is w composite?
True
Suppose -11*t + 20 = -7*t. Let n be (5 + (t - 0))*1/2. Suppose 11*d - 6*d = -4*x + 2011, 0 = n*x + 5*d - 2510. Is x composite?
False
Let k(c) = c**2 + 3*c - 19. Let u be k(-8). Suppose 3*q + 9 - u = 0. Let p(d) = 157*d + 3. Is p(q) prime?
True
Let h(n) = 65*n - 84. Suppose 27*u - 216 = 19*u. Is h(u) a composite number?
True
Suppose 0 = -4*n + 3*a - 7*a + 20, 0 = 5*a - 25. Suppose 0 = -2*c - 5*p + 3*p + 42, n = -5*c + 4*p + 96. Suppose 24*w = c*w + 2540. Is w prime?
False
Suppose 40952331 = -8191*p + 8218*p. Is p composite?
True
Let c(b) = -11*b + 1141. Let t(v) = 9*v - 9. Let n be t(1). Let g be n/((-4)/6*3). Is c(g) a composite number?
True
Is ((-552)/(-23) - 40525)/(-1) prime?
False
Let i = 287 - 285. Suppose -i*y + 275 = 2*p - 551, 0 = 3*y + 2*p - 1243. Is y prime?
False
Suppose 0 = -9*z - 36, 3*r - 13*z = -8*z + 2907521. Is r prime?
True
Let l(v) be the third derivative of 37*v**5/60 - 31*v**4/24 + 23*v**3/6 - 14*v**2. Let y(x) be the first derivative of l(x). Is y(9) a prime number?
False
Let v(a) = -1503*a - 199. Is v(-16) a prime number?
False
Suppose -25 = -4*s - 3*b, -5*s - 2*b + 29 = b. Let n be (-134)/(-26) + s/(-26). Is (n/(-2))/5*-254 prime?
True
Suppose 13*d - 90050 = 3*d. Suppose -8*h = -3*h - d. Is h composite?
False
Suppose -2*u + 4*m = -0*u - 532, 3*m = -3. Suppose -256*o + u*o - 30328 = 0. Is o composite?
True
Let t(z) = -z**3 + 9*z**2 - 20*z + 10. Let w be t(6). Is ((13811/(-28))/(w/8))/1 composite?
False
Suppose -3*n = 5*n + 744. Is (-661540)/n + (-2)/(-3) prime?
False
Let y(t) = 1455*t**2 - 184*t + 946. Is y(5) prime?
False
Is (-24)/(-20)*(-6019545)/(-63) a prime number?
False
Let l be (-48)/(-20)*45470/4. Suppose -25*x + l = -19*x. Is x composite?
False
Suppose -19*u + 28*u = 65367. Suppose -11433 = -4*p + 5*y + u, 5*y = 2*p - 9338. Is p a prime number?
True
Suppose -3*y + q + 370145 = 0, -3*y + y - 3*q + 246778 = 0. Is y a composite number?
True
Suppose 48*u = 213*u - 10956495. Is u composite?
False
Let l = 64 + -64. Suppose l = -5*k + 2*k - 15, m - 653 = -5*k. Suppose -3*x - m = -6*x. Is x a prime number?
False
Let f = 8 + -9. Let u(t) = t**2 + 1. Let m(o) = -8*o**2 - 5*o + 7. Let j(v) = f*m(v) - 2*u(v). Is j(8) composite?
True
Suppose -3*l + 4296 = -h - 790337, 3*h = 2*l - 529760. Is l a prime number?
False
Let b be (-4)/(-24) + -4*287156/(-96). Is b/10*5/((-15)/(-6)) composite?
False
Suppose 3*y = 2*z + 621487, 4*y + 36*z - 32*z = 828596. Is y composite?
True
Let d = 1186 + -2075. Let r = d + 10896. Is r a composite number?
False
Suppose 0 = -14*z - 2*q + 651146 + 1015218, q + 238061 = 2*z. Is z a prime number?
True
Suppose -5*j = 7*j - 2584598 - 421270. Is j a composite number?
False
Is (-1 - -216862)/(-5 + -6 - -14) prime?
True
Suppose 13*w + 54*w - 26328923 = 0. Is w a prime number?
True
Let f = 192650 + -108061. Is f prime?
True
Suppose -131*h + 132*h - 120997 = 3*m, m = 3*h - 363007. Is h a prime number?
False
Let r(s) = -112*s**2 - 27*s - 5. Let t(x) = -56*x**2 - 15*x - 2. Let b(k) = -3*r(k) + 5*t(k). Is b(-12) composite?
True
Let i(u) = u**2 + 42*u + 2129003. Is i(0) composite?
False
Suppose -23 = -2*j + 6*j + v, 0 = 4*v - 4. Let p(y) = -7*y**2 + 11*y + 23. Let i be p(j). Let r = i - -1029. Is r a composite number?
True
Let r(v) be the second derivative of v**5/20 - v**4/12 - v**3 - v**2/2 + 158*v. Let a be 94/18 - 6/27. Is r(a) composite?
True
Let c(j) = -185*j**3 - j**2 + j + 2. Let m be ((8 - 3)/5)/(-1). Is c(m) a composite number?
True
Let w(z) = -18*z + 202. Let c be w(11). Suppose c*a = a + d + 15272, -d + 15262 = 3*a. Is a prime?
False
Let b(o) be the first derivative of -o**4/4 - 3*o**3 + 39*o**2/2 + 40*o - 153. Is b(-19) prime?
True
Suppose -w = 5*m - 35489, 3*w - 106467 = 13*m - 8*m. Is w a prime number?
False
Suppose -46*v = -45*v + 2*h - 40055, 0 = 2*v + 5*h - 80116. Is v prime?
False
Let d(j) = -j**3 + 25*j**2 - 17*j - 133. Is d(-24) a composite number?
False
Suppose -135319 + 28187 = -w + 3*d, d = 4*w - 428583. Is w a prime number?
False
Suppose 49 - 43 = 2*c. Suppose 0*q = -q + 4*m + 22, q - c*m = 17. Suppose -q*h - 3*h = 4*z - 6623, 3*z = 2*h + 4973. Is z prime?
True
Suppose 362 + 654 = 2*b. Let u = b + 361. Is u composite?
True
Let h(x) be the second derivative of x**4/2 + x**3/3 + 3*x**2/2 + 32*x - 3. Is h(-2) composite?
False
Let s be -12 + 10 + 0 + 6. Let d be ((-180)/16)/(-9)*s. Suppose -5*x + 0*x - 5*k + 5995 = 0, 6003 = d*x + 3*k. Is x a composite number?
True
Suppose 5*r - 251892 = -40182. Suppose 0 = j - 7*j + r. Is j prime?
True
Let r = -51 + 57. Let t be (1308/(-16))/(r/(-576)). Suppose t + 61 = 11*b. Is b a prime number?
True
Let b(s) = s**3 - 5*s**2 + 6*s + 1. Let w be b(5). Suppose 0*m + y = 4*m - w, -5*y = 2*m - 43. Suppose 1517 = m*c - 8*c. Is c a prime number?
False
Let b = 14171 + 3675. Is b composite?
True
Let g = 11781 + -6966. Suppose 5*z = -5*k + g, -4*k - 3860 = -8*k - 2*z. Is k prime?
True
Suppose -3*y + 5*a - 14 = -59, 2*y - 3*a - 29 = 0. Let z(r) = 278*r - 61. Is z(y) prime?
True
Let f be (0 - -122) + (20 - 75/5). Suppose -123*s - 9424 = -f*s + 4*d, 0 = -5*s + 4*d + 11781. Is s a composite number?
False
Let m(n) = 6*n - 6 + 258*n**2 - 4*n - n. Is m(5) a composite number?
False
Suppose 0 = 3*i + 477 + 6150. Let h = 2886 - i. Is h prime?
False
Let c be 4/(-14) - (-8)/(56/(-4513)). Let r be 1281/(-5) - (-8)/40. Let k = r - c. Is k composite?
False
Suppose 5*x + 17232 = 248*h - 245*h, 4*x = -2*h + 11466. Is h a composite number?
True
Suppose 2*x - 43630 = -4*j, 3*j + x - 32715 = 2*x. Let h = j - 6063. Is h a prime number?
False
Let j = 48871 - 27828. Is j prime?
False
Let l(g) = g**3 - 30*g**2 - 2*g - 168. Let i be l(33). Let c = i + -880. Is c composite?
False
Let t(l) = -3*l**2 + 12. Let j be t(0). Suppose j*q = 3*u + 15*q - 23817, -u + 7943 = -q. Is u prime?
False
Let a(c) = -13*c**3 - 3*c**2 + 3*c. Let g be a(1). Is (0 + -4487)/((-12)/(-1) + g) a prime number?
False
Suppose 3*x + 68712 - 198720 = -5*j, 0 = 4*x + 2*j - 173330. Is x a composite number?
False
Suppose 44*p - 4335764 + 65740 = 0. Is p composite?
True
Suppose 3*m + 14 = -5*f, 2*m + 0 + 4 = 2*f. Is (80241/(-42))/(f/2) a composite number?
False
Let r = -327 + 2442. Suppose -3*i = -3*t - 837 - r, -t + 2932 = 3*i. Is i composite?
True
Let d = 20046 + 20469. Suppose d - 8123 = 8*o. Is o a prime number?
True
Let f(c) = -53*c - 998. Let d be f(-19). Let w(y) = 2*y - 10*y**2 + 0*y**3 + 2*y**3 - 10 + 3*y. Is w(d) a composite number?
False
Suppose -5*r - 7*r + 39530383 = 16554235. Is r composite?
True
Suppose 26*j + 126173 + 75587 = 0. Let q = j - -17631. Is q composite?
False
Suppose 4*c = -15 + 39. Suppose 2*f + 36 = c*f + 4*d, -3*d = -5*f + 5. Suppose -f*y + 4*k + 11176 = 0, 9*k + 5603 = 2*y + 4*k. Is y a prime number?
True
Let m(y) = y**3 + 4*y**2 - 12*y + 3. Let s = 65 + -71. Let i be m(s). Suppose -i*w + 2*w + 979 = 5*p, 5*w - 2*p - 4787 = 0. Is w composite?
True
Suppose -24 = 4*o + 120. Is (-8)/o + 13838/18 composite?
False
Let d = 16441 - -84721. Is d composite?
True
Suppose -209 = -9*u - 1685. Suppose 3*j = -0*j + 3*h + 930, -h = -5*j + 1562. Let m = u + j. Is m composite?
False
Suppose -k + 22390398 = -7*k. Is k/(-209) + 2/(-11) a prime number?
False
Suppose 2*p - a - 6018412 = 0, -2*p + 8609366 = 5*a + 2590990. Is p a composite numb